= -s**2 + 4*s. Let z be i(3). Suppose n - 5 = -z. Suppose -2*q = -4, 2*v + n*q - 2 = 3*q. What is the units digit of v?
2
Suppose 4*m + 5 = -5*u - 12, -m - 2*u = 8. Let v(h) = h**3 - 2*h**2 + h - 1. What is the units digit of v(m)?
1
Let v = 304 - 175. What is the tens digit of v?
2
Let l = 6 + -3. Let x be (-6)/(-3) + 1 - l. Suppose 2*q + 4 - 10 = x. What is the units digit of q?
3
Let h(w) = -w**3 + 4*w**2 - 2*w - 1. Let u be h(3). Suppose -5*g = -u*o - 30, 6 = -2*g + g - 2*o. What is the units digit of g?
4
Suppose 0 = -4*x + 5*z + 1, 0 = 3*x - z + 4*z - 21. Suppose 0 = i + 3*w - 10 - 24, -i + x*w + 13 = 0. What is the tens digit of i?
2
Suppose 4*i = 5*i - 3. Suppose -5*n + 30 = -0*l - 5*l, 3*n - 2*l = 17. Let k = n - i. What is the units digit of k?
2
Let z = -6 + 8. What is the units digit of ((-17)/z)/((-5)/10)?
7
Let s = -78 + 207. What is the tens digit of 6/(-8) + s/12?
1
Suppose 9*i - 4*i - f = 48, -4*i - 2*f = -44. Let w = i - 6. Suppose w = -2*g + 26. What is the units digit of g?
1
Let h(n) = -n**2 + 4*n - 1. Let g be h(3). Let o(j) = -j**3 + 4 - g*j + j + 3*j**2 + 0. What is the units digit of o(3)?
1
Let w(x) = -x**2 - x + 3. Let v be w(0). Suppose -v*k = -18 + 12. What is the units digit of k?
2
What is the tens digit of 365/25 + 10/25?
1
Suppose -l - 2*l + 201 = 0. Suppose 2*p - l + 11 = 0. What is the tens digit of p?
2
Let b be 3 + -4 - -4 - -1. Suppose b*p + 116 = 3*r - 100, 0 = -5*p. What is the units digit of 40/(-12)*r/(-15)?
6
Suppose 3*g - 169 = 47. What is the tens digit of g?
7
Let a = 3 + -1. Let g be (-1)/a + (-36)/8. Let d = g + 7. What is the units digit of d?
2
Let h(c) = 3*c - 3. Let q be h(2). Suppose -q*r = -16 - 44. What is the tens digit of r?
2
Let c be 0 + 1 + (-3)/3. Let s be 0 - (c - 4/2). Suppose 4*z - 3 = -2*h + 3*z, -5*z = -s*h - 3. What is the units digit of h?
1
Let x(z) = 12*z + 14. What is the tens digit of x(6)?
8
Suppose 0 = 3*r + 21 + 3. Let a(x) = -2*x - 2. What is the tens digit of a(r)?
1
Let i(j) = j**3 + 5*j**2 + 3*j - 4. Let m = 6 - 10. Let x be i(m). Let h(c) = c**2 - c + 7. What is the units digit of h(x)?
7
Let a be (26/4 + -2)*-2. Let i = -3 - a. Let u(v) = -v**2 + 7*v - 4. What is the units digit of u(i)?
2
Let a = 3 + 11. What is the units digit of (-4)/a + (-37)/(-7)?
5
Let p(c) be the third derivative of -c**5/60 - c**4/3 - 5*c**3/6 - 3*c**2. Let z be p(-5). What is the tens digit of z*1*1 + 2?
1
Suppose 3*y = -5*i - 8 + 46, -2*y + 16 = i. Suppose 3*o - 27 = -3*s + y, -2*o + 3*s + 17 = 0. What is the units digit of o?
0
Suppose 3*n = -3*o - 3, n + 3 = 2*o - 4. Suppose 0 = m - 3*m - 5*s - 6, -o*m = -2*s - 8. What is the units digit of m*3*1/6?
1
Let i(h) = -7*h + 1. What is the hundreds digit of i(-15)?
1
Let f be -12 + (-1 - -1) - 2. Let b be -2*1 + f + 1. Let q = -11 - b. What is the units digit of q?
4
Suppose -3*z - 2*p + 20 = 3*p, 0 = 3*z - p + 4. Suppose d - o + 8 = -9, z = -o + 5. What is the units digit of (-30)/d*(-22)/(-5)?
1
Suppose 7*v - 150 = 4*v. What is the units digit of v?
0
Let c be (-16)/10*(-15)/6. Suppose c*m - 3*f + 0*f = 76, -2*f = 4*m - 76. What is the tens digit of m?
1
Let y(c) = -c**2 - 6*c + 3. Let u be y(-6). Let a = u - -1. Suppose -p - a*w = 8, -13 = 3*w - 1. What is the units digit of p?
8
Suppose -12 = u - 3*u. Let i be 2/u - 111/9. What is the units digit of (3/6)/((-1)/i)?
6
Suppose -3*z - 2*y - 174 = 0, 0*z - 97 = 2*z - 5*y. Let n = z + 98. What is the units digit of n?
2
Let n = -70 - -157. What is the tens digit of n?
8
Let z = 3 + 1. Let w be z/10 - 2/5. Suppose w = h - 7 - 0. What is the units digit of h?
7
Let v = -14 - -17. Suppose -5*r + 75 = -v*y - 17, -2*y + 97 = 5*r. What is the tens digit of r?
1
Let u be (-1488)/20 + (-3)/5. What is the units digit of u/(-20) - (-1)/4?
4
Suppose 0 = 4*h - 0*h - 20. What is the units digit of h?
5
Let m(a) = a**3 + 4*a**2 + a - 1. Let d be m(-3). Let w = -1 - -3. Suppose -w*v + f = -d*v + 3, 0 = -f - 3. What is the units digit of v?
2
Let y(o) = 2*o**2 - 2*o + 1. What is the tens digit of y(5)?
4
Suppose 0*z - 3*z + 129 = 3*w, -3*w = -4*z + 137. What is the tens digit of z?
3
Suppose 2 = -0*c + c. Let l(o) = 4*o + c - 3*o + 0*o. What is the units digit of l(3)?
5
Let i(m) = m**2 + 4*m - 7. Let d be i(-5). Let l = 5 + d. Suppose l*p + 2 = -q, -36 = -2*q + 3*p + p. What is the tens digit of q?
1
Suppose -9 + 4 = -t. Suppose -t*g + p + 25 = 0, -2*p - 2*p - 12 = 2*g. What is the units digit of g?
4
Let t be ((-20)/(-6))/(4/18). Let v(n) = -4*n**3 - n**2 - n - 1. Let l be v(-1). Let x = t - l. What is the tens digit of x?
1
Let n be (-22)/(-6) - 1/(-3). Let h(d) = d - 4. Let z be h(n). Let u(q) = -q**3 + q**2 + 6. What is the units digit of u(z)?
6
Let q = 11 + -8. Suppose -14 - 4 = -q*k. What is the units digit of k?
6
Let p(x) = 5*x**2 - 5*x + 10. What is the tens digit of p(4)?
7
Suppose 556 = -10*p + 1816. What is the units digit of p?
6
Suppose o = 4*o - 9. Suppose 2 = -o*k + 4*k. What is the units digit of k?
2
Suppose -i = -6*i + 20. Suppose -m + 5*w = -20, -41 - 8 = -3*m + i*w. What is the tens digit of m?
1
Suppose -24 = -w - 3*k - 0*k, -5*w + 4*k + 158 = 0. Suppose 2*x - 4*g = -6, 0 = -4*x - x - 5*g + w. What is the units digit of x?
3
Suppose -2*w - 2*b = -48, 4*b + 58 = w + 2*w. What is the tens digit of w?
2
Suppose -i + w = -4*i - 23, 0 = w + 5. Let j = 11 + i. Suppose 4 = -j*t + 14. What is the units digit of t?
2
Let a be (-5)/2 + (-1)/(-2). Let u be 1/a*(-1 + -3). Suppose u = -2*h + 18. What is the units digit of h?
8
Let x(b) = -b + 8. Let v(d) = 7*d**3 + d**2. Let k be v(-1). What is the units digit of x(k)?
4
Let v(t) be the first derivative of 5*t**3/3 + t**2/2 + 1. Let d be v(-1). Let m = d + 2. What is the units digit of m?
6
Let m(c) be the third derivative of c**7/1680 + c**6/720 + c**5/30 - c**2. Let g(o) be the third derivative of m(o). What is the units digit of g(1)?
4
What is the tens digit of (-28)/(-8)*(9 + -1)?
2
Let w(f) = -f**3 - 7*f + 2*f**2 - 5*f**2 - 4*f**2 - 3. Let t be w(-6). Let x = t + -2. What is the units digit of x?
1
Let w = 40 + -38. Let s(a) = 0*a - 2 + 5*a + 3*a. What is the tens digit of s(w)?
1
Suppose 15 = o + 2*c, -3*c + 10 = o - 0*c. What is the units digit of o?
5
Let b = 21 - 19. Suppose 0 = 5*g + 5*u - 50 - 40, -3*g + 53 = b*u. What is the units digit of g?
7
Suppose -4*x = -w - 6, -4*x + 3*x - 6 = -4*w. Suppose -2*p - 6 = 2*c, -3*c = -0*c - 2*p - 11. Suppose 0 = w*n + c - 25. What is the units digit of n?
2
Suppose -2*d + 61 = -5*k, -10 - 26 = -d - 3*k. What is the units digit of d?
3
Let q(f) be the third derivative of f**5/60 + f**4/12 + f**3/2 + 2*f**2. What is the units digit of q(-4)?
1
Let b(w) = w**2 + 8*w + 1. Let o be b(-6). Let k = 23 + o. What is the tens digit of k?
1
Let k be (1 - (-1 - -3)) + 2. Let r = k - 0. What is the units digit of r?
1
Let v(a) = 2*a**3 - 12*a**2 + 13*a + 12. What is the hundreds digit of v(7)?
2
Let k be 2/10 - (-72)/15. Let f = 3 + k. What is the units digit of f?
8
Suppose -4*y + 4*a - 4 = 0, -a - 5 = y + 2. Let i be y/(-14) - 24/(-14). Suppose f - 6 = w + 3*w, i*f - 38 = -5*w. What is the tens digit of f?
1
Suppose -2*d - 5*g = 3 - 8, 3*d - 35 = -2*g. What is the tens digit of d?
1
Let f(g) = 4*g - 8. Let o(r) = -9*r + 17. Let l(j) = 5*f(j) + 2*o(j). Let v be l(9). Let u = v + -5. What is the units digit of u?
7
Suppose 0*v = 2*v. Let r = v + -1. What is the units digit of 3/6*(r - -5)?
2
Suppose -15 = -0*n + 5*n. Let h(d) = -d**2 + d - 1. Let g be h(n). What is the units digit of 2/(-8) - g/4?
3
Let v be (0*(-1)/2)/(-1). Suppose -3*q = -3*m + m - 16, v = q + 2*m. Suppose -r - 1 = -q. What is the units digit of r?
3
Let l = 10 + -20. What is the tens digit of (-26)/l*(5 - 0)?
1
Suppose -3*u + 179 = -67. What is the tens digit of u?
8
Let i be (-2 - 4)*-1*7. Let o be -3 - -5 - (0 - -1). What is the units digit of o/(0 + 3/i)?
4
Suppose 0 = -2*w + 4. Let v be ((-1)/w)/(2/4). What is the units digit of v/(-3) - 69/(-9)?
8
Suppose 0 = -2*p - h - 2*h + 40, -3*p - 4*h = -60. Let t = p - 12. What is the units digit of t?
8
Suppose -7 = -5*l + 13. Suppose k - 133 = -l*k + r, -5*k + 5*r + 145 = 0. What is the tens digit of k?
2
Suppose 0*n + 4*n - 5*x - 47 = 0, 0 = -4*n + 3*x + 49. Suppose 0 = 3*r + n - 7. What 